25).
51
Let m(c) = -13*c**3 + 354*c**2 - 10*c - 1924. Determine m(27).
-7
Let j(f) = -21*f - 253. Give j(-10).
-43
Let f(o) = -6*o**2 - 855*o - 426. What is f(-142)?
0
Let d(n) = -n**3 - 17*n**2 + 61*n + 19. Give d(-20).
-1
Let l(a) = a**2 - 40*a + 395. What is l(17)?
4
Let z(f) = -f**3 + 8*f**2 - 8*f - 8. Calculate z(5).
27
Let q(h) = 1158*h + 71774. Determine q(-62).
-22
Let l(y) = -y**3 - 10*y**2 - 410*y - 4152. Determine l(-10).
-52
Let h(o) = 2*o**2 + 19*o - 79. Determine h(-14).
47
Let w(c) = 7911*c + 79104. Calculate w(-10).
-6
Let s(y) = 185*y**3 - 185*y**2 - 3*y + 1. Determine s(1).
-2
Let x(p) = 18*p + 94. Give x(-7).
-32
Let u(t) = t**3 - 9*t**2 + 28*t - 74. Determine u(7).
24
Let k(y) = -5*y**2 - 42*y - 178. What is k(-7)?
-129
Let l(o) = 2*o**3 + 6*o**2 - 41*o - 26. Give l(-6).
4
Let f(b) = -170*b**3 - 4*b**2 - 2*b + 6. Calculate f(1).
-170
Let p(j) = -4*j**3 - 43*j**2 + 176*j - 36. Give p(3).
-3
Let b(m) = 119*m**2 + 74*m + 74. Determine b(-1).
119
Let p(v) = 467*v - 15398. Determine p(33).
13
Let a(g) = g**3 + 11*g**2 - 38*g - 4. Give a(7).
612
Let g(m) = -572*m - 1718. Give g(-3).
-2
Let q(w) = -w**3 + 11*w**2 + 7*w - 69. Determine q(11).
8
Let j(z) = -3*z**3 - 30*z**2 - 37*z + 87. Determine j(-8).
-1
Let s(t) = -23*t**2 - 116*t + 6. Give s(-5).
11
Let l(o) = -o**3 + 57*o**2 - 121*o - 2207. Determine l(54).
7
Let t(l) = 38*l - 18. Give t(-1).
-56
Let b(j) = -18*j**2 - 22. Give b(3).
-184
Let n(p) = -9*p**2 - 104*p + 40. Determine n(-12).
-8
Let u(c) = -4*c**3 - 299*c**2 - 791*c + 67. Calculate u(-72).
-5
Let l(b) = -b**2 + 192*b - 5382. Determine l(158).
-10
Let s(u) = -301*u - 315. What is s(-1)?
-14
Let q(h) = -8*h**2 - 54*h - 89. What is q(-5)?
-19
Let v(o) = -294*o**3 - 2*o**2 + o + 1. What is v(1)?
-294
Let r(q) = -q**3 - 3*q**2 + 3*q + 169. Determine r(0).
169
Let a(y) = -y**3 - 2*y**2 + 11*y + 7. Give a(3).
-5
Let b(h) = 162*h + 32876. Give b(-203).
-10
Let p(x) = x**3 + 2*x**2 - 6*x - 1. Determine p(-4).
-9
Let a(x) = 9*x**2 + 36*x + 105. Determine a(-5).
150
Let c(p) = 2*p**3 - 274*p**2 - 280*p + 568. Determine c(138).
16
Let d(t) = -6*t**3 + 30*t**2 + 16*t - 66. Calculate d(5).
14
Let l(r) = 44*r + 1855. Determine l(-41).
51
Let d(l) = l**3 - 13*l**2 + 40*l + 18. Give d(9).
54
Let l(b) = b**3 + 28*b**2 - 206*b - 7247. Give l(-24).
1
Let u(p) = -3*p**2 + 212*p + 80. Determine u(71).
9
Let p(j) = 44*j + 3123. Give p(-79).
-353
Let q(t) = -4641*t - 27849. Determine q(-6).
-3
Let j(o) = o**3 + 19*o**2 + 59*o - 104. Give j(-15).
-89
Let v(t) = -4*t**2 + t - 1. What is v(-3)?
-40
Let f(c) = -c**2 - 8*c + 197. Determine f(11).
-12
Let s(t) = 8*t - 231. Determine s(17).
-95
Let t(v) = v**3 - 15*v**2 + 81*v - 918. Give t(14).
20
Let m(q) = 3*q**2 - 73*q + 4. What is m(24)?
-20
Let k(a) = a**2 + 637*a + 69931. Give k(-496).
-5
Let w(q) = -28*q**2 + 1315*q + 56. Give w(47).
9
Let w(s) = 20*s - 1334. Give w(65).
-34
Let a(k) = 28*k - 534. What is a(19)?
-2
Let u(z) = 37*z**2 - 3063*z - 673. What is u(83)?
-9
Let r(b) = -6*b**2 + 9*b - 33. What is r(3)?
-60
Let m(t) = 447*t - 1785. Calculate m(4).
3
Let c(h) = 864*h + 27641. Calculate c(-32).
-7
Let c(r) = 2*r**2 - 139*r + 20. Give c(67).
-315
Let j(x) = -3*x**2 + 8*x + 691. Give j(-14).
-9
Let n(g) = g + 31. What is n(-46)?
-15
Let r(v) = -v**2 - 138*v + 2299. Determine r(15).
4
Let c(r) = -388*r - 6307. What is c(-16)?
-99
Let r(f) = 3*f**2 + 78*f - 107. Calculate r(-27).
-26
Let k(p) = -2*p**2 - 507*p + 2050. Give k(4).
-10
Let u(g) = -g**3 - 39*g**2 - 212*g + 400. What is u(-32)?
16
Let o(k) = k**3 - 18*k**2 + 12*k + 83. What is o(12)?
-637
Let j(p) = p**3 + 14*p**2 - 53*p - 30. Give j(-16).
306
Let c(m) = -m**2 - 3*m + 122. Calculate c(-13).
-8
Let x(h) = -58*h - 490. What is x(-8)?
-26
Let f(c) = 4*c**2 + 34*c - 33. Give f(1).
5
Let f(h) = 162*h - 2549. What is f(15)?
-119
Let t(q) = q**2 - 6*q + 55. What is t(17)?
242
Let c(m) = 706*m + 6358. Determine c(-9).
4
Let j(c) = -c**2 + 48*c - 585. Calculate j(28).
-25
Let r(s) = -5*s**2 - 23*s + 393. Give r(9).
-219
Let m(r) = r**2 + 47*r - 268. Calculate m(5).
-8
Let y(u) = u**3 + 15*u**2 + 27*u. Determine y(-11).
187
Let u(v) = 714*v + 8563. Determine u(-12).
-5
Let u(v) = v**2 - 27*v - 1282. Determine u(51).
-58
Let q(i) = 5*i**2 + 8*i + 1. What is q(-1)?
-2
Let n(o) = 6*o**2 + 13*o + 6. What is n(-2)?
4
Let t(l) = 84*l - 43. Determine t(1).
41
Let b(d) = d**2 + 43*d + 66. Give b(-26).
-376
Let q(s) = -s**2 - 126*s + 4640. Calculate q(30).
-40
Let m(r) = -r**3 - 2*r**2 - 7*r - 17. What is m(-5)?
93
Let y(s) = s**2 + 26*s - 13. Give y(-26).
-13
Let p(j) = -20*j + 264. Determine p(2).
224
Let b(t) = 3*t**2 + 57*t - 195. Determine b(7).
351
Let h(o) = -o**2 + 6731*o - 94035. Calculate h(14).
3
Let g(z) = -8*z**2 + 296*z + 69. Calculate g(37).
69
Let h(s) = s**3 + 27*s**2 + 70*s - 422. Give h(-23).
84
Let i(d) = 17*d**3 - 4*d**2 + 3. Calculate i(1).
16
Let p(q) = -3*q**3 + 54*q**2 - 53*q + 1. Determine p(1).
-1
Let j(y) = -3*y**2 - 9*y + 82. Determine j(6).
-80
Let c(w) = w**3 - 9*w**2 - 16*w + 23. Determine c(4).
-121
Let d(o) = -68*o**2 + 63*o - 8. What is d(1)?
-13
Let m(j) = -2*j**2 + 105*j - 122. Calculate m(52).
-70
Let s(m) = m**2 - 9*m - 39. Give s(8).
-47
Let l(w) = 2*w**3 - 10*w**2 + 298*w - 1475. Give l(5).
15
Let b(m) = -m**3 - m**2 - 154*m - 1079. Give b(-6).
25
Let m(y) = y**3 + 20*y**2 + 217*y + 4331. Give m(-20).
-9
Let g(s) = s**3 - 6*s**2 - 25*s + 154. What is g(-5)?
4
Let v(p) = p**2 - 280*p - 1729. Give v(-6).
-13
Let b(g) = 7*g**2 + 93*g + 10. What is b(-7)?
-298
Let h(l) = l**3 + 25*l**2 - 29*l - 70. Give h(-26).
8
Let l(g) = -g**3 - 22*g**2 - 66*g - 941. What is l(-21)?
4
Let w(b) = -9*b + 916. Determine w(3).
889
Let k(x) = -x**3 - 25*x**2 + 209*x - 295. Give k(5).
0
Let j(g) = g**3 - 25*g**2 + 123*g - 160. Give j(19).
11
Let v(h) = h**3 + 2*h**2 - 24*h - 13. Determine v(-6).
-13
Let x(j) = -2*j**2 + 29*j + 7. What is x(14)?
21
Let v(c) = -6*c**2 + 54*c - 56. Determine v(1).
-8
Let m(f) = -f**2 + 72*f + 927. Determine m(84).
-81
Let m(i) = 21530*i - 43057. What is m(2)?
3
Let m(l) = 14*l**2 + 79*l + 2. Calculate m(-7).
135
Let k(i) = 32*i - 1594. Determine k(49).
-26
Let b(a) = -a**2 + 17*a + 341. Determine b(-12).
-7
Let w(g) = -g**2 + 76*g + 2566. Calculate w(-26).
-86
Let o(d) = -13*d**2 - 213*d + 128. Determine o(-17).
-8
Let m(x) = x**3 + 16*x**2 + 22*x + 36. Give m(-15).
-69
Let b(r) = -894*r**3 + 35*r - 36. What is b(1)?
-895
Let s(b) = -3*b + 34. Calculate s(-3).
43
Let q(k) = k**3 - 5*k**2 + 11*k - 13. Determine q(3).
2
Let o(v) = -2*v**3 - 9*v**2 + 10*v - 11. What is o(-5)?
-36
Let b(q) = -q**2 + 271*q - 1598. Give b(6).
-8
Let k(p) = -3*p**2 - 21*p + 25. What is k(-12)?
-155
Let d(z) = 30*z**2 + 15*z + 25. Give d(-1).
40
Let n(r) = -58*r + 666. Give n(11).
28
Let m(o) = o**3 - 16*o**2 + 7*o - 37. What is m(14)?
-331
Let j(z) = 183*z**2 + 222*z + 222. Calculate j(-1).
183
Let k(d) = -161*d + 2106. Calculate k(12).
174
Let f(y) = -72*y - 14. What is f(-4)?
274
Let i(l) = 87*l - 1702. What is i(21)?
125
Let b(c) = -5*c - 64. Determine b(-3).
-49
Let u(g) = -11*g**2 + 3*g + 60. Determine u(5).
-200
Let s(t) = -385*t - 67390. Determine s(-175).
-15
Let t(x) = 49*x + 3286. Calculate t(-67).
3
Let i(g) = 5905*g - 23613. Give i(4).
7
Let d(c) = c**3 - 200*c**2 - 449*c + 9092. Give d(202).
2
Let t(v) = 28*v + 505. What is t(-21)?
-83
Let v(g) = 28*g**2 + 1789*g - 203. Calculate v(-64).
-11
Let o(f) = -10*f + 153. Calculate o(16).
-7
Let u(m) = 100*m - 604. Calculate u(6).
-4
Let y(a) = 2*a**3 - 75*a**2 + 295*a + 62. Determine y(33).
-4
Let b(k) = -k**3 - 2*k**2 + 33*k - 51. Give b(3).
3
Let i(o) = 9*o**3 + 409*o**2 + 175*o - 247. Calculate i(-45).
-22
Let d(h) = -2*h**3 + 16*h**2 - 109*h + 674. What is d(7)?
9
Let u(b) = b**2 - 82*b - 414. Determine u(91).
405
Let f(t) = -t**3 + 44*t**2 - 87*t + 132. What is f(42)?
6
Let k(z) = z**3 + 250*z**2 - 1039*z - 5837. Determine k(-254).
5
Let o(l) = l**3 - 5*l**2 + 9*l - 103. What is o(6)?
-13
Let x(u) = 11*u**2 - 33*u - 21. What is x(6)?
177
Let q(f) = 6*f**3 - 60*f**2 + 18*f - 24. Calculate q(10).
156
Let o(m) = -497*m - 4980. Determine o(-10).
-10
Let v(b) = -b**2 - 36*b + 9097. Determine v(79).
12
Let w(h) = 2*h**3 - 13*h**2 - 45*h + 336. Calculate w(8).